 + 87 = -3*r, 122 = 4*w + 4*r - 2*r. What is the remainder when w is divided by 16?
14
Suppose 2*y - 16 = -2*y. Let l = 11 - 3. Calculate the remainder when -3*75/(-9) - y is divided by l.
5
Let s = -277 - -446. Calculate the remainder when s is divided by 44.
37
Let n be 34/8 + (-2)/8. Let k be (-1064)/(-10) + 50/(-125). Suppose 3*q - n*s - k = 0, 2*s = 3*q + 7*s - 70. What is the remainder when 57 is divided by q?
27
Let c = 72 - 35. Let i(s) = s**2 - 8*s - 5. Let p be i(7). Let t = c + p. What is the remainder when 98 is divided by t?
23
Let j = 36 - 28. Suppose -192 = -4*l + j. Let y = 40 + -23. Calculate the remainder when l is divided by y.
16
Let n = -5 + 20. Suppose 5*k - 435 - n = 0. Let z = k + -21. What is the remainder when z is divided by 36?
33
Suppose -2*c - 3*q = -109, -c + 80 - 21 = 3*q. Calculate the remainder when 548 is divided by c.
48
Suppose 2*l - 31*d - 636 = -36*d, 3*l + 4*d = 947. What is the remainder when l is divided by 40?
33
Let k be 6*(3 + 14/(-6)). Let j be k*(45/(-6) + 3). Let i = -12 - j. What is the remainder when 15 is divided by i?
3
Let u = -14 - -30. Calculate the remainder when 31 is divided by (-8 + u)/(2 - 1).
7
Let y = 27 + -24. Suppose k = -y + 12. Calculate the remainder when 34 is divided by k.
7
Suppose 27*q - 420 = -43*q. Let n(g) = 3*g + 3. What is the remainder when n(5) is divided by q?
0
Let v = 273 + -252. Calculate the remainder when v is divided by 2.
1
Let y(x) = -4*x - 1. Let n be y(-2). Suppose -p + 16 + n = 0. Calculate the remainder when p is divided by ((-150)/(-20))/((-1)/(-2)).
8
Let f(l) = l - 1. Let m(w) = -31*w - 10. Let c(y) = -4*f(y) + m(y). What is the remainder when 85 is divided by c(-1)?
27
Let r be 81/12 + 3/(-4). Let p(x) = -12 - r*x**2 + 14 - 13 - x**3 - 3*x. Calculate the remainder when p(-7) is divided by 16.
11
Let b be -1*(24 - 5)/(-1 + 0). Suppose b*z - 4602 = 6*z. Calculate the remainder when z is divided by 17.
14
Let p = 32 - 26. Let a(f) = -f**3 + 8*f**2 - 7*f + 14. What is the remainder when a(p) is divided by 15?
14
Let n be (1 - -17) + (-10 - -10). Let u be (n/(-21))/((-2)/(-14)). Let i = u + 14. Calculate the remainder when 30 is divided by i.
6
What is the remainder when (-33)/11*21*-1 is divided by 22?
19
Let m be ((-9)/12)/(2/(-8)). Suppose m*c - 3*w = -0*c + 36, -5*w + 68 = 3*c. Suppose -2780 + 548 = -36*x. What is the remainder when x is divided by c?
14
Suppose 3*q - 39*q = -1044. What is the remainder when q is divided by 11?
7
Suppose 4*a - 50 = -6. Let n(b) be the second derivative of 5*b**3/3 - 9*b**2 - 12*b. Calculate the remainder when n(6) is divided by a.
9
Let y(x) = x**3 + 67*x**2 + 250*x + 93. Calculate the remainder when y(-63) is divided by 66.
21
Suppose -12 = 25*d - 287. Suppose 4*v - 3*z = 55, -3*v - z - 2 + 27 = 0. What is the remainder when d is divided by v?
1
Suppose 3491*n = 3490*n + 126. Calculate the remainder when 468 is divided by n.
90
Let r be (-7)/(28/488) + 3. Let v = -110 - r. What is the remainder when 11 is divided by v?
2
Calculate the remainder when 9/(-15) - (-7947)/45 is divided by 24.
8
Let n = 20 - 16. Suppose 0 = -3*m - n*z + 22, 4*m + 4*z - 50 = -m. Suppose 4*j + u = 18, -3*j + 13 - 4 = 3*u. Calculate the remainder when m is divided by j.
4
Let k be -13 - (-1 + 6/(-3)). Let a(t) = -t - 7. Let u be a(k). Suppose u*l - 3*y - 36 = -y, -l + 29 = 5*y. What is the remainder when l is divided by 8?
6
Let a = 64 + -71. Let b(n) = n**2 + n - 4. Calculate the remainder when b(a) is divided by 15.
8
Let g(r) = r**2 + 16*r - 8. Let b be g(-7). Let o = b + 107. What is the remainder when 69 is divided by o?
33
Suppose -13*j - j = -1330. Calculate the remainder when j is divided by 12.
11
Let v = 191 + -46. Calculate the remainder when v is divided by 49.
47
Suppose 1386 = -14*j + 5194. What is the remainder when j is divided by 39?
38
Let x(c) = -5*c - 105. What is the remainder when 207 is divided by x(-27)?
27
Let j = 48 + -24. Suppose -7*u = -5*z - 2*u + 175, 3*u - 15 = 0. Suppose 52 = 2*l - z. What is the remainder when l is divided by j?
22
Suppose 4*d + 5*h - 109 = 0, 28 = d - 3*h + 5*h. What is the remainder when (264/(-60) - -6)/((-1)/(-30)) is divided by d?
22
Let x = -1257 + 1382. What is the remainder when 401 is divided by x?
26
Suppose 9*a - 6 = 10*a. Let g = 8 + a. What is the remainder when g is divided by (-3 - -4) + -3 + (-12)/(-3)?
0
Let i = -515 - -532. Suppose -138 = -3*q + 12. What is the remainder when q is divided by i?
16
Let l be -1 - (0 - 5 - 0). Suppose -w - l = 1. What is the remainder when 34 is divided by (-2)/(-10) + (-59)/w?
10
Let w = 42 + 13. Suppose 475 = 3*u + w. Suppose -4*k = -2*k, 2*h - 5*k - u = 0. What is the remainder when h is divided by 18?
16
Let b(y) = -y**2 + 13*y - 11. Let s(c) = 7*c**2 - 3*c - 2. Let r be s(-1). Suppose 0 = 4*f - 4 - r. What is the remainder when f is divided by b(12)?
0
Let w be (-214)/(-14) + 2/(-7). Let r = w - -14. Let n = -360 - -368. Calculate the remainder when r is divided by n.
5
Let s(g) = g**3 - 9*g**2 - g + 5. Let c be s(9). Let i(l) = -2*l**3 - 4*l**2 - 6*l - 3. What is the remainder when i(c) is divided by 29?
27
Let q be ((-12)/20)/(1/(-5)). Suppose -q*l = -a - 70, 9 + 36 = 2*l + a. Calculate the remainder when l is divided by 13.
10
Suppose v = -5*v. Suppose v = -20*i + 17*i + 60. What is the remainder when 39 is divided by i?
19
Suppose 0 = -4*r - 2*g + 88, -3*r + 4*g = -8*r + 110. Calculate the remainder when r is divided by 33/9 + (-1)/(-3).
2
Let c(l) = -10*l - 240. Let w(h) = 14*h**3 + 3*h**2 - 4*h + 2. Calculate the remainder when w(2) is divided by c(-28).
38
Let y be (3/(-3))/(1/(-4)). Suppose -3*c = -y*c + 10. What is the remainder when (-334)/(-12) + (-1)/(-6) is divided by c?
8
Let f = -9419 - -9458. Suppose 0*j + j = 25. Calculate the remainder when f is divided by j.
14
Let n(o) = -15*o**3 + 2*o + 2. Let p(h) = 0*h - 8 + 2 - 6*h + 7*h. Let l be p(5). Calculate the remainder when 72 is divided by n(l).
12
Let h = 198 + -190. Let i(w) be the third derivative of w**6/120 - w**5/10 + w**4/8 + 2*w**3/3 - 3*w**2. What is the remainder when i(6) is divided by h?
6
Let t(c) = -5 + 12*c + c**3 - 4 + 21*c**2 - 4*c**2. What is the remainder when t(-16) is divided by 19?
17
Let w be 2 + (-9)/6*(0 - 4). Suppose w*q - 120 - 24 = 0. Calculate the remainder when 52 is divided by q.
16
Let a(q) be the first derivative of -4*q**2 + 2*q - 4. Let b = 28 - 22. Calculate the remainder when a(-1) is divided by b.
4
Let n = 0 + 4. Let a(m) = 2*m**2 + 43*m - 47. Calculate the remainder when a(-23) is divided by n.
2
Let a = -3 - -9. What is the remainder when 18 + -1 - (-233 - -243) is divided by a?
1
Suppose -7 = v - 19. Suppose 2*g = 6*g - 88. What is the remainder when g is divided by v?
10
Let z(j) be the second derivative of -j**4/12 - 4*j**3/3 - 11*j**2/2 - j. What is the remainder when 28 is divided by z(-4)?
3
Calculate the remainder when 538 is divided by 18/(-45)*(-75)/6 - -44.
48
Suppose -3*z = 2*x - 31, z = -5*x - 0*x + 19. Suppose 0 = -4*c + 53 - z. Calculate the remainder when 42 is divided by c.
9
Let z = -45 - -13. Let f = 39 + z. Calculate the remainder when 13 is divided by f.
6
Suppose l - 28 = -3*l. Suppose -l*r = -3*r + 4*m, -5*r + 2*m + 14 = 0. Let b(z) = 4*z**2 + 82*z + 41. Calculate the remainder when r is divided by b(-20).
0
Suppose 2 = -3*b - g - 12, -5*g - 40 = 5*b. Let k be b + (-1)/(-1) + 27. Calculate the remainder when 640/k + 2/5 is divided by 9.
8
Suppose 0 = -6*j - 9*j + 1800. What is the remainder when 238 is divided by j?
118
Let u = 712 + -456. What is the remainder when u is divided by 26?
22
Suppose 1 = -x - 3*j + 3, 23 = 5*x + 2*j. Suppose x*h - h + 47 = 5*w, -h - 2*w - 15 = 0. Let n = h + 18. What is the remainder when 18 is divided by n?
3
Suppose 17 - 62 = -5*i. Let p = 132 - 132. Suppose 4*d - 86 - 18 = 2*m, 4*m = p. Calculate the remainder when d is divided by i.
8
Suppose 0*p - 360 = -3*p. Suppose -66 = -2*o + 4*q, 0 = 14*q - 12*q - 8. Calculate the remainder when p is divided by o.
38
Let l be (0 + 6)*2/(-4). Let o(h) = -9*h - 2. What is the remainder when o(l) is divided by 7?
4
Let x(l) = 38*l - 30. Calculate the remainder when 165 is divided by x(3).
81
Suppose 45 - 152 = -3*u + p, -3*p - 49 = -u. Le